?
False
Is 145 a factor of 36999360?
True
Does 172 divide 127276732?
True
Is 230894058 a multiple of 18?
False
Is 4625 a factor of 4008839345?
False
Is 13 a factor of 58611364?
False
Does 9 divide 504520261?
False
Is 26540974 a multiple of 193?
True
Is 67 a factor of 7929453?
False
Does 16 divide 417681792?
True
Is 20636323 a multiple of 106?
False
Is 30045210 a multiple of 2689?
False
Is 2469192 a multiple of 33?
True
Does 15 divide 8907045?
True
Is 36256928 a multiple of 8?
True
Is 48918962 a multiple of 576?
False
Is 3055 a factor of 600844371?
False
Does 1290 divide 817445910?
True
Is 29796520 a multiple of 35?
False
Is 902535100 a multiple of 85?
True
Does 241 divide 102650762?
False
Is 36 a factor of 9693338?
False
Is 42243748 a multiple of 136?
False
Is 398 a factor of 89691244?
False
Does 143 divide 10001849?
True
Does 170 divide 7610050?
True
Is 9 a factor of 36846072?
True
Is 165907444 a multiple of 154?
False
Does 128 divide 475557111?
False
Is 91123240 a multiple of 7?
False
Is 307199843 a multiple of 3625?
False
Does 15 divide 127504696?
False
Does 31 divide 581251494?
False
Is 20874908 a multiple of 338?
False
Does 436 divide 2110549996?
True
Is 15 a factor of 158745165?
True
Does 67 divide 214213740?
True
Is 2044208545 a multiple of 41?
True
Is 1935 a factor of 179286735?
False
Is 62196876 a multiple of 292?
True
Does 599 divide 31776552?
False
Does 290 divide 39484749?
False
Is 12 a factor of 37667076?
True
Is 1334240 a multiple of 9?
False
Is 730 a factor of 1153161829?
False
Is 153 a factor of 30793698?
True
Does 1123 divide 1274651937?
False
Does 323 divide 42961261?
True
Is 602178 a multiple of 13?
False
Is 73 a factor of 14096227?
True
Does 5842 divide 6906151787?
False
Is 8 a factor of 32378968?
True
Is 38408338 a multiple of 370?
False
Is 758 a factor of 4839075790?
True
Does 9441 divide 1585532499?
False
Is 2682 a factor of 128311982?
False
Is 1113 a factor of 753267270?
True
Is 515 a factor of 28470230?
True
Is 53 a factor of 163061238?
False
Is 519 a factor of 26631966?
True
Is 467 a factor of 703612088?
True
Does 28 divide 82058032?
True
Is 101847430 a multiple of 61?
True
Is 799 a factor of 137901008?
True
Is 2884297 a multiple of 7?
False
Is 129986257 a multiple of 270?
False
Is 182 a factor of 1117575004?
True
Is 25 a factor of 92486875?
True
Is 6 a factor of 20583186?
True
Is 5135277 a multiple of 2521?
True
Is 2457817560 a multiple of 22?
True
Does 9 divide 429219?
True
Is 79 a factor of 140115743?
True
Does 145 divide 12942410?
True
Is 1092588746 a multiple of 2902?
False
Is 957 a factor of 365465259?
False
Is 3274046722 a multiple of 2121?
False
Does 12 divide 5031840?
True
Does 4 divide 457926428?
True
Is 152 a factor of 61661992?
True
Is 29885805 a multiple of 9?
True
Is 13458818 a multiple of 1058?
True
Does 28 divide 818493384?
False
Does 1031 divide 841217644?
True
Does 1154 divide 55674730?
True
Is 4 a factor of 24079684?
True
Does 17 divide 474770118?
True
Is 753 a factor of 49998555?
False
Does 6 divide 8878206?
True
Is 849653825 a multiple of 171?
False
Is 163 a factor of 2256457?
False
Does 5562 divide 1029735664?
False
Is 18270825 a multiple of 195?
False
Is 178 a factor of 23738083?
False
Is 15 a factor of 698391390?
True
Is 406 a factor of 15154146?
False
Does 134 divide 5390954?
True
Is 3 a factor of 12762925?
False
Is 46148900 a multiple of 13?
False
Is 69105279 a multiple of 9?
False
Is 491668174 a multiple of 8?
False
Does 229 divide 807831920?
False
Is 484419805 a multiple of 476?
False
Does 48 divide 1425168?
True
Is 578750940 a multiple of 1381?
False
Is 2686326780 a multiple of 76?
True
Does 113 divide 70777889?
True
Is 22 a factor of 109807676?
True
Is 794 a factor of 5690130?
False
Does 25 divide 2339572898?
False
Is 48 a factor of 175573709?
False
Is 32149827 a multiple of 793?
False
Does 5 divide 1049190050?
True
Is 56 a factor of 37871263?
False
Is 964560536 a multiple of 2350?
False
Is 24 a factor of 373497672?
True
Does 192 divide 86264020?
False
Is 849054 a multiple of 18?
False
Is 41 a factor of 17592403?
True
Is 74 a factor of 1147633378?
False
Is 44754552 a multiple of 10?
False
Is 2805 a factor of 214111004?
False
Does 30 divide 3578506080?
True
Is 23 a factor of 175870098?
True
Does 229 divide 16980834?
False
Is 939 a factor of 5453158929?
True
Is 2936 a factor of 16004400?
False
Does 145 divide 10202897?
False
Is 14142312 a multiple of 309?
True
Is 580615583 a multiple of 2?
False
Is 2336201635 a multiple of 227?
False
Is 297 a factor of 4877928?
True
Is 52064507 a multiple of 11?
True
Is 2256178 a multiple of 4?
False
Is 713112537 a multiple of 319?
False
Is 1158388750 a multiple of 1937?
False
Does 78 divide 123874194?
False
Does 4747 divide 2025649334?
True
Does 527 divide 153631528?
False
Is 495861456 a multiple of 2003?
False
Is 1584443232 a multiple of 18?
True
Is 75920501 a multiple of 139?
False
Is 124035345 a multiple of 172?
False
Is 276500952 a multiple of 3?
True
Is 8795409 a multiple of 71?
True
Does 1082 divide 81543687?
False
Does 98 divide 721271082?
True
Does 35 divide 417606105?
True
Does 25 divide 149728365?
False
Does 2726 divide 2011799?
False
Is 174 a factor of 6971667?
False
Does 53 divide 186510922?
True
Is 18 a factor of 597649704?
False
Does 175 divide 1711135804?
False
Does 557 divide 114375494?
True
Is 180023496 a multiple of 12?
True
Does 27 divide 27452979?
True
Is 12 a factor of 766827397?
False
Is 89173331 a multiple of 331?
False
Does 9 divide 1635048?
True
Is 11 a factor of 319435305?
False
Does 2 divide 2866209?
False
Is 850315550 a multiple of 2529?
False
Does 66 divide 759155398?
False
Does 193 divide 11211730?
False
Does 43 divide 360193287?
False
Is 9613433950 a multiple of 50?
True
Is 21620585 a multiple of 5?
True
Is 38678688 a multiple of 54?
True
Does 946 divide 3988159711?
False
Is 1010503090 a multiple of 30?
False
Is 24 a factor of 91503670?
False
Is 774045850 a multiple of 140?
False
Is 23496627 a multiple of 1321?
True
Is 1753 a factor of 419671706?
True
Is 1307743578 a multiple of 734?
True
Is 35 a factor of 90766270?
True
Does 790 divide 2616983233?
False
Is 1037 a factor of 100144802?
False
Is 61 a factor of 5834955?
True
Is 414 a factor of 169591374?
True
Is 6099415140 a multiple of 70?
True
Does 304 divide 243359882?
False
Is 76918617 a multiple of 119?
False
Is 157360336 a multiple of 347?
True
Does 569 divide 31575148?
False
Does 9361 divide 932084131?
True
Is 378 a factor of 8442039?
False
Is 10 a factor of 72608372?
False
Is 898615164 a multiple of 450?
False
Is 827 a factor of 91184193?
True
Is 243 a factor of 50247119?
False
Does 926 divide 62109485?
False
Does 311 divide 289963413?
False
Is 450 a factor of 58323382?
False
Does 410 divide 17160318?
False
Is 394345885 a multiple of 12?
False
Is 1051 a factor of 5187736?
True
Is 252296533 a multiple of 1694?
False
Is 7 a factor of 178333534?
False
Does 20 divide 18711858?
False
Is 336912240 a multiple of 40?
True
Is 13 a factor of 95664556?
True
Is 155623614 a multiple of 73?
False
Is 601105399 a multiple of 13?
False
Does 227 divide 988321680?
True
Is 167 a factor of 330118422?
False
Does 3175 divide 10939570?
False
Is 1259390880 a multiple of 5547?
True
Is 17597970 a multiple of 445?
True
Is 63874408 a multiple of 31?
False
Is 193834884 a multiple of 4439?
False
Does 1832 divide 2075447042?
False
Does 7 divide 1517845651?
True
Is 20 a factor of 34314320?
True
Does 13 divide 31115120?
False
Is 60766725 a multiple of 63?
False
Is 49 a factor of 7287355?
False
Is 126 a factor of 1878980544?
True
Is 267372722 a multiple of 53?
False
Is 633148119 a multiple of 194?
False
Is 322244613 a multiple of 3141?
True
Does 90 divide 45895282?
False
Is 22676960 a multiple of 262?
False
Is 769371802 a multiple of 1157?
False
Is 44001948 a multiple of 228?
True
Is 8627 a factor of 1145767017?
False
Is 26 a factor of 479837904?
True
Is 1170 a factor of 26950950?
True
Is 36 a factor of 37210572?
True
Does 4118 divide 116144072?
True
Does 28 divide 9246434?
False
Is 35 a factor of 1049645?
False
Does 148 divide 561851419?
False
Does 676 divide 1322548253?
False
Does 157 divide 204086938?
False
Is 3469 a factor of 68469918?
False
Is 2547 a factor of 41345451?
True
Is 3509 a factor of 